t is the units digit of g?
9
Let h(q) = q - 3. Let v = 8 + -3. What is the units digit of h(v)?
2
Suppose -2 - 12 = h + 5*v, -2*v - 5 = h. What is the units digit of h*11/(2 - 1)?
1
Let b = -13 - -19. What is the tens digit of (63/b)/(9/24)?
2
Suppose -4*u - 5*k = -3*u + 14, 3*u + 5*k = 8. Let p = u + -2. What is the units digit of p?
9
Suppose 4*i - 5*i - 5*h + 27 = 0, 10 = 2*h. Suppose -2 = q - i*q. What is the units digit of q?
2
Let b(r) = -r - 14. Let m be b(-8). Let y = -3 - m. What is the units digit of y?
3
Suppose 4*j - 320 = 4*i, -2*j + 3*i + i = -160. What is the tens digit of j?
8
Let j(m) = -m**2 - 2 - 5*m + 0*m**2 + 0*m**2. What is the units digit of j(-4)?
2
Suppose 4 = -4*r + 24. Suppose -r*u + 34 + 16 = 0. What is the tens digit of u?
1
Suppose s + 354 = 3*v - s, 2*v + 2*s = 226. What is the units digit of v?
6
Let m(s) = -s**3 + 2*s**2 - 2*s + 4. Let r be m(3). Let x = -7 - r. What is the units digit of x?
4
Let m be 4/(1*(5 + -3)). Let p = m - -1. What is the units digit of p?
3
Suppose 3*i + 192 = 2*j, i + 4*i - 160 = -2*j. Suppose 3*v = j - 30. What is the units digit of v?
0
Suppose -15 = a + 4*a, 3*a = 3*u - 39. Let z = 15 - u. Suppose -d + z = -2. What is the units digit of d?
7
Let f(h) = -8*h - 3*h - 3*h**3 + 2*h**3 + 4 + 12*h**2. What is the units digit of f(11)?
4
Let x = 25 - 18. Suppose -x = -c + 5. What is the units digit of c?
2
Let w(i) be the first derivative of i**3/3 - 7*i**2/2 + 4*i - 2. Let g be w(6). Let z = g + 4. What is the units digit of z?
2
Suppose 27 = w - 0*w. Let t = w - -8. Suppose -m + t = 4*m. What is the units digit of m?
7
Let b(n) = -1 - 16 + 8 - 4*n. What is the units digit of b(-7)?
9
Let f(k) be the second derivative of k**3/2 - 7*k. What is the units digit of f(9)?
7
Let u(x) = x + 5. Let n be u(-8). Let v be (2/n)/((-4)/102). Suppose 3*b - v = -2. What is the units digit of b?
5
Suppose 0 = 2*q + 3*q + 5*d - 80, 0 = -q + 3*d + 28. What is the units digit of q?
9
Let l(n) = n**3 + n**2 - 1. Let g be l(0). Let x be (g + 0)*(-5)/5. Let j = x + 1. What is the units digit of j?
2
Let t(k) = k**2 + 8*k + 6. Let y(u) = -u**3 + u**2 + 4*u - 2. Let n be y(3). Let f be t(n). Let i(j) = j + 7. What is the tens digit of i(f)?
1
Suppose u - 4 = 2. Suppose u*h = h + 65. What is the tens digit of h?
1
Let t(l) = l**2 + 6*l - 16. What is the units digit of t(5)?
9
Let h(l) = 24*l**2 - l. Let u be h(-1). Suppose -p - 4*p = -u. Suppose p*k - 20 = 4*v - 7, -6 = -2*v. What is the units digit of k?
5
Suppose -4*h + 4*i = 2*i - 128, -h + 31 = -i. What is the tens digit of h?
3
Suppose -2120 = -8*y - 2*y. What is the units digit of y?
2
Let r(b) = -7*b**2 + 4. Let f(x) = x**2 - x. Let s(k) = -6*f(k) - r(k). Let t be s(-6). What is the units digit of (2/t)/(1/(-8))?
4
Let c be 8/(-28) + 2/7. Suppose 2*p + 0*p - 24 = c. What is the tens digit of p?
1
Suppose -3*i + v - 9 = -2*v, -1 = v. Let m(g) be the first derivative of -g**4/4 - 5*g**3/3 - 7*g**2/2 - 4*g + 1. What is the units digit of m(i)?
8
Let v(b) = b**3 + 6*b**2 + 5*b. Let m be v(-5). Let y be 28 + 0 - (-1 + m). Let i = -21 + y. What is the units digit of i?
8
Let q = -5 + 4. Let y(o) = -3*o**3 + 2*o**2 - 1. Let u be y(q). Let h = u - 3. What is the units digit of h?
1
Suppose u = r + 2*u - 17, 2*u + 113 = 5*r. Let m = 36 - r. What is the units digit of m?
5
Let v be 4/3 + (-8)/(-12). Let m be 14*(-1 + v)/2. What is the units digit of 1*-2*m/(-2)?
7
Let o(a) = -a**3 - 7*a**2 - 8*a - 2. Let n(q) = -q - 3. Let s be n(-9). Suppose 2*g + s = -6. What is the tens digit of o(g)?
1
Suppose -u + 10 = 4*u. Suppose u*k = -5*s - 23, -4*k = 4*s + 72 + 4. What is the units digit of (k/20)/(3/(-10))?
4
Suppose 611 = 5*f - 3*n, -5*f + 536 = -2*n - 78. What is the tens digit of f?
2
Let g(c) = c**2 + 16*c - 21. What is the units digit of g(-18)?
5
Suppose 2*a + 2 = a. Let d be (-1*2 - 2)/a. Suppose 4*v - d*v + 6 = 2*u, -v = 0. What is the units digit of u?
3
Let b = 9 + -6. Let q = 3 - b. What is the units digit of 8 - (2 + 0) - q?
6
Let l be (-7)/((-2)/(6/3)). Suppose w + b = 9, 5*w = -2*b + 49 - l. What is the units digit of w?
8
Let k = -177 + 181. What is the units digit of k?
4
Let h = -5 + -5. Let j(z) = -2*z - 1. What is the units digit of j(h)?
9
Let b be -49 - 2*2/4. What is the tens digit of (3 - 1)*b/(-5)?
2
Let s = 0 + 27. Suppose 3*i - 5*t = 29, -6 - s = -3*i + 3*t. What is the tens digit of i?
1
Let r = 5 - 3. Let v = r - 0. Let t = v + 0. What is the units digit of t?
2
Let j be (-3)/18 + 290/12. Let m = -7 + j. What is the tens digit of m?
1
Let u(p) = -2*p**2 + p + 2. Let j be u(0). What is the tens digit of -2 + j + (2 - -18)?
2
Suppose 0*q = 3*s + 3*q - 90, 4*s = -5*q + 117. What is the tens digit of s?
3
Let j = 22 + -7. Suppose -5*z + g + j = 0, 0 = 4*z + z + 2*g - 30. What is the units digit of z?
4
Let p = 4 + -1. Let h be -2 + (-24)/(-1*p). Suppose 3 - h = -v. What is the units digit of v?
3
Let c be 0 - (0/3 + 2). Let f be ((-1)/(-2))/(c/4). What is the units digit of 4 + f + 6 + -3?
6
Suppose -4*h - 23 = 5*d - 87, 64 = 4*h + d. Suppose 4*m - h = 76. What is the tens digit of m?
2
What is the tens digit of -5 + (-221)/(-1) + 5?
2
Let k be (-6)/5*15/(-6). Let w be (-9)/(-3) - (-48)/(-4). Let v = k - w. What is the tens digit of v?
1
Let y(l) = l**2 + 7*l - 1. Let z be y(-7). What is the units digit of 9 + z/(0 + 1)?
8
Let z(y) = y**2 - 13*y - 18. What is the tens digit of z(17)?
5
Let o be (7/2)/((-4)/(-8)). Let g = -5 + o. Suppose -2*l + 2*s = -4*l, l - 15 = g*s. What is the units digit of l?
5
Suppose 11*i - 7*i - 72 = 0. What is the tens digit of i?
1
Let d(q) = -q**3 + 3*q**2 + 6*q + 7. Let b be d(5). Let f = -11 + 7. Let l = f - b. What is the units digit of l?
9
Suppose -2*x - 8 - 2 = -4*w, 2*x + 2*w = -10. Let z(s) = -2*s**2 - 5*s + 2*s**2 + 2*s**2 + 3 - 3*s**2. What is the units digit of z(x)?
3
Let x be 152/(-6) + (-8)/12. Let r = 43 + x. Suppose 2*u - r = 3. What is the units digit of u?
0
Let p = -21 - -43. Suppose -4*d = 5*j - p, -5*j + j = -5*d + 48. What is the units digit of d?
8
Let g(s) = 3*s**2 + 4*s + 5. What is the units digit of g(-4)?
7
What is the units digit of 174/(-12)*(-4)/2?
9
Let m = 9 - 5. Suppose -m*y + 24 = -0*y. Suppose 4*i - 19 = 5*d, 4*i + y*d = d + 29. What is the units digit of i?
6
Let l = 140 + -90. What is the units digit of l?
0
Let x = -194 + 366. What is the units digit of x?
2
Suppose 450 = i + 2*i. What is the hundreds digit of i?
1
Let k(n) be the second derivative of -n**5/20 - 7*n**4/12 + 5*n**2/2 - 2*n. Let j be k(-7). Suppose -65 = -j*w - 25. What is the units digit of w?
8
Let h = 56 - -7. What is the units digit of h?
3
Let v = 2 - 0. Suppose 0 = -5*a + 5, -f + v*f = 4*a - 5. What is the units digit of -2*(f - (-6)/(-4))?
5
Let y(c) be the first derivative of 3*c + 1/3*c**3 + 2 + 2*c**2. What is the units digit of y(-4)?
3
Suppose 0*z + 6 = 3*z. Let g = z + 4. What is the units digit of g?
6
Suppose -m - 2 = -5. What is the units digit of 3 + m/((-6)/4)?
1
Let f(a) = -a**2 + 16*a - 2. What is the tens digit of f(10)?
5
Suppose -4*b - 30 + 138 = 0. What is the units digit of b?
7
Suppose 0 = 3*g + b - 0*b - 16, 2*g + 2*b - 16 = 0. Suppose h - 8 = g. Suppose 3*l - k - 2*k + h = 0, 2*l = -3*k + 17. What is the units digit of l?
1
Suppose 3*n - 7*n + 4 = 0. Let g = -8 - -5. What is the units digit of n - (-4 + (-2 - g))?
4
Suppose 0 = 5*p - 20, -p = -5*d - 41 + 107. Let t be (6/(-4) - -2)*8. Let b = d - t. What is the tens digit of b?
1
Suppose 252 = 2*a + 4*c, 5*c - 674 = -5*a + 6*c. What is the hundreds digit of a?
1
Suppose 0 = -2*a - 2*v + 24, 2*a + 4*v - v = 28. Let h(f) = -f**3 - 7 - a*f**2 - 8*f + 0*f + 2*f**2. What is the units digit of h(-5)?
8
Let c(l) = l + 11. Let f be -1 - -3 - (12 - 1). What is the units digit of c(f)?
2
Let u(g) = -g + 2. Let m be u(9). Let o = 11 + m. Let y(n) = -n**2 + 6*n - 5. What is the units digit of y(o)?
3
What is the tens digit of (78/(-9))/((-1)/12)?
0
Suppose i - 4 = -i. Let b(v) = 2*v**2 + 7*v - v**i - 11 + 0*v. What is the units digit of b(-9)?
7
Let j = 3 - 13. Let a = j - -18. What is the units digit of a?
8
Let j(i) = i**2 - i + 3. Let g be j(0). What is the units digit of 1/((g + -1)/18)?
9
Let i(n) = -5*n**2 + n + 10. Let b(x) = 14*x**2 - 3*x